rs of 37212301?
7, 1931, 2753
What are the prime factors of 747209133?
3, 11, 41, 184087
List the prime factors of 58541197.
11, 13, 409379
List the prime factors of 200484546.
2, 3, 71, 470621
List the prime factors of 17271154.
2, 31, 163, 1709
What are the prime factors of 1673230825?
5, 7, 479, 19961
What are the prime factors of 48534293?
2203, 22031
What are the prime factors of 122207193?
3, 13578577
What are the prime factors of 280590?
2, 3, 5, 47, 199
List the prime factors of 69463732.
2, 13, 211, 487
What are the prime factors of 125928297?
3, 11, 424001
List the prime factors of 132759107.
13, 41, 249079
List the prime factors of 120898807.
233, 397, 1307
What are the prime factors of 9352502?
2, 349, 13399
What are the prime factors of 4410283017?
3, 7, 191, 1099547
List the prime factors of 311794988.
2, 79, 986693
List the prime factors of 48905618.
2, 433, 56473
What are the prime factors of 2923862162?
2, 13, 112456237
List the prime factors of 1932972360.
2, 3, 5, 11, 1464373
List the prime factors of 316693681.
101, 1439, 2179
List the prime factors of 143201448.
2, 3, 13, 152993
What are the prime factors of 486885222?
2, 3, 19, 474547
List the prime factors of 663095926.
2, 59, 1667, 3371
List the prime factors of 1204661734.
2, 2143, 281069
List the prime factors of 5178559623.
3, 59, 29257399
List the prime factors of 50226524.
2, 12556631
List the prime factors of 680160651.
3, 19, 373, 31991
List the prime factors of 784203315.
3, 5, 7, 181, 41263
What are the prime factors of 2068165433?
2068165433
What are the prime factors of 53330085?
3, 5, 1185113
List the prime factors of 217436711.
47, 4626313
List the prime factors of 1362798243.
3, 50474009
What are the prime factors of 1425870296?
2, 31, 185467
What are the prime factors of 208447264?
2, 1277, 5101
What are the prime factors of 34090093?
107, 199, 1601
What are the prime factors of 998739623?
7, 41, 757, 4597
What are the prime factors of 2678222520?
2, 3, 5, 19, 391553
What are the prime factors of 16993480?
2, 5, 7, 137, 443
List the prime factors of 290587535.
5, 7, 8302501
List the prime factors of 92570849.
7, 1889201
What are the prime factors of 1025095350?
2, 3, 5, 1087, 6287
List the prime factors of 4196478126.
2, 3, 699413021
What are the prime factors of 85675716?
2, 3, 7, 17, 2857
What are the prime factors of 366882022?
2, 13, 41, 344167
What are the prime factors of 76946051?
7, 13, 37, 22853
What are the prime factors of 1395516382?
2, 13, 229, 234383
List the prime factors of 828915116.
2, 113, 1833883
What are the prime factors of 539036536?
2, 19, 186647
What are the prime factors of 673709619?
3, 11, 19, 89, 12073
What are the prime factors of 1682243069?
13, 23, 271, 1597
List the prime factors of 626776305.
3, 5, 239, 359, 487
List the prime factors of 40867467.
3, 29, 113, 4157
List the prime factors of 233224324.
2, 23, 127, 19961
List the prime factors of 184465956.
2, 3, 929, 16547
List the prime factors of 115522515.
3, 5, 29, 88523
List the prime factors of 467166210.
2, 3, 5, 7, 67, 33203
What are the prime factors of 1689873363?
3, 107, 1754801
What are the prime factors of 460350684?
2, 3, 17, 752207
What are the prime factors of 2080295449?
4397, 473117
List the prime factors of 510067175.
5, 20402687
What are the prime factors of 179188663?
9929, 18047
List the prime factors of 163704337.
47, 193, 18047
What are the prime factors of 598600758?
2, 3, 7, 293, 6949
What are the prime factors of 57630308?
2, 29, 496813
What are the prime factors of 417502069?
349, 1196281
What are the prime factors of 35489825?
5, 7, 202799
What are the prime factors of 1844991572?
2, 17, 27132229
What are the prime factors of 11842465?
5, 31, 76403
List the prime factors of 977988566.
2, 23, 21260621
What are the prime factors of 329522997?
3, 109840999
What are the prime factors of 91016056?
2, 11377007
List the prime factors of 98711462.
2, 49355731
What are the prime factors of 3225620763?
3, 23, 47, 331547
List the prime factors of 1088459138.
2, 13, 41863813
List the prime factors of 71362284.
2, 3, 7, 23, 43, 859
What are the prime factors of 563152677?
3, 23, 487, 16759
What are the prime factors of 486444236?
2, 121611059
List the prime factors of 904125358.
2, 41, 11025919
List the prime factors of 123871071.
3, 31, 239, 5573
List the prime factors of 948726281.
13381, 70901
List the prime factors of 61892173.
7, 8841739
What are the prime factors of 145947342?
2, 3, 24324557
List the prime factors of 637892887.
17, 5669, 6619
List the prime factors of 163748000.
2, 5, 13, 47, 67
List the prime factors of 378414175.
5, 101, 149867
What are the prime factors of 60992447?
17, 43, 83437
List the prime factors of 447735591.
3, 137, 173, 2099
List the prime factors of 140385360.
2, 3, 5, 31, 18869
List the prime factors of 208580279.
811, 257189
What are the prime factors of 1482070?
2, 5, 148207
What are the prime factors of 51363515?
5, 7, 209647
What are the prime factors of 148082076?
2, 3, 151, 27241
List the prime factors of 43568206.
2, 11, 31, 193, 331
What are the prime factors of 53032821?
3, 73, 113, 2143
List the prime factors of 277826306.
2, 47, 2955599
What are the prime factors of 69273577?
101, 103, 6659
List the prime factors of 82671548.
2, 71, 97, 3001
What are the prime factors of 3402352385?
5, 151, 4506427
List the prime factors of 1121513069.
17, 1933, 34129
What are the prime factors of 524111982?
2, 3, 127, 797, 863
What are the prime factors of 2437416543?
3, 812472181
List the prime factors of 37074838.
2, 179, 103561
List the prime factors of 262360582.
2, 11, 11925481
List the prime factors of 2389209012.
2, 3, 59, 67, 103, 163
What are the prime factors of 36167656?
2, 7, 645851
List the prime factors of 1033885827.
3, 13, 439, 20129
What are the prime factors of 226745481?
3, 2251, 33577
What are the prime factors of 95970462?
2, 3, 7, 59, 38729
What are the prime factors of 36043952?
2, 7, 321821
What are the prime factors of 219136441?
29, 79, 95651
List the prime factors of 97991659.
97991659
List the prime factors of 2368385.
5, 181, 2617
What are the prime factors of 41643272?
2, 11, 473219
List the prime factors of 670796789.
13, 3499, 14747
List the prime factors of 5181545026.
2, 7, 101, 607, 6037
List the prime factors of 150828376.
2, 18853547
List the prime factors of 189352153.
5413, 34981
List the prime factors of 102330756.
2, 3, 11, 86137
What are the prime factors of 196398487?
41, 281, 17047
List the prime factors of 2381028372.
2, 3, 61, 120473
List the prime factors of 230481902.
2, 7, 16462993
List the prime factors of 11540095.
5, 7, 329717
List the prime factors of 14422082.
2, 37, 79, 2467
What are the prime factors of 105622726?
2, 11, 4801033
List the prime factors of 58746198.
2, 3, 7, 211, 947
What are the prime factors of 21726923?
71, 103, 2971
List the prime factors of 842560453.
7, 19, 6335041
List the prime factors of 20987946.
2, 3, 7, 166571
What are the prime factors of 1985014494?
2, 3, 23, 67, 71563
List the prime factors of 281804610.
2, 3, 5, 227, 41381
What are the prime factors of 5633564261?
13, 17, 25491241
What are the prime factors of 223455799?
7, 2029, 15733
What are the prime factors of 255009654?
2, 3, 239, 19759
What are the prime factors of 46389006?
2, 3, 2577167
What are the prime factors of 68086348?
2, 11, 19, 23, 3541
List the prime factors of 44069263.
7, 179, 35171
List the prime factors of 26545791.
3, 1499, 5903
List the prime factors of 5378697307.
491, 10954577
List the prime factors of 68834229.
3, 31, 740153
What are the prime factors of 1416135407?
431, 3285697
What are the prime factors of 1625360102?
2, 67, 277, 43789
List the prime factors of 87117896.
2, 10889737
What are the prime factors of 84138083?
17, 53, 93383
What are the prime factors of 106708007?
7, 181, 84221
List the prime factors of 5147489.
113, 45553
List the prime factors of 20072847.
3, 6690949
What are the prime factors of 557674155?
3, 5, 12392759
List the prime factors of 294301704.
2, 3, 367, 33413
List the prime factors of 56733898.
2, 13, 2182073
What are the prime factors of 960241098?
2, 3, 29, 5518627
What are the prime factors of 4420775203?
13, 193, 367, 4801
